{"id":649,"date":"2026-04-05T16:37:18","date_gmt":"2026-04-05T14:37:18","guid":{"rendered":"https:\/\/bgstudios.ch\/?page_id=649"},"modified":"2026-04-09T00:40:04","modified_gmt":"2026-04-08T22:40:04","slug":"erlinsbach-frauen","status":"publish","type":"page","link":"https:\/\/bgstudios.ch\/?page_id=649","title":{"rendered":"Erlinsbach Frauen"},"content":{"rendered":"<div data-colibri-id=\"649-c1\" class=\"style-421 style-local-649-c1 position-relative\">\n  <!---->\n  <div data-colibri-component=\"section\" data-colibri-id=\"649-c2\" id=\"reusable-sections\" class=\"h-section h-section-global-spacing d-flex align-items-lg-center align-items-md-center align-items-center style-422 style-local-649-c2 position-relative\">\n    <!---->\n    <!---->\n    <div class=\"h-section-grid-container h-section-fluid-container\">\n      <!---->\n      <div data-colibri-id=\"649-c3\" class=\"h-row-container gutters-row-lg-0 gutters-row-md-0 gutters-row-2 gutters-row-v-lg-0 gutters-row-v-md-0 gutters-row-v-2 style-423 style-local-649-c3 position-relative\">\n        <!---->\n        <div class=\"h-row justify-content-lg-center justify-content-md-center justify-content-center align-items-lg-stretch align-items-md-stretch align-items-stretch gutters-col-lg-0 gutters-col-md-0 gutters-col-2 gutters-col-v-lg-0 gutters-col-v-md-0 gutters-col-v-2\">\n          <!---->\n          <div class=\"h-column h-column-container d-flex h-col-lg-6 h-col-md-6 h-col-12 style-424-outer style-local-649-c4-outer\">\n            <div data-colibri-id=\"649-c4\" class=\"d-flex h-flex-basis h-column__inner h-px-lg-0 h-px-md-0 h-px-0 v-inner-lg-0 v-inner-md-0 v-inner-0 style-424 style-local-649-c4 position-relative\">\n              <!---->\n              <!---->\n              <div class=\"w-100 h-y-container h-column__content h-column__v-align flex-basis-100 align-self-lg-start align-self-md-start align-self-start\">\n                <!---->\n                <div data-colibri-id=\"649-c5\" class=\"h-global-transition-all h-heading style-425 style-local-649-c5 position-relative h-element\">\n                  <!---->\n                  <div class=\"h-heading__outer style-425 style-local-649-c5\">\n                    <!---->\n                    <!---->\n                    <h4 class=\"\">Anwesend in Erlinsbach<\/h4>\n                  <\/div>\n                <\/div>\n                <div data-colibri-id=\"649-c6\" class=\"h-global-transition-all h-heading style-426 style-local-649-c6 position-relative h-element\">\n                  <!---->\n                  <div class=\"h-heading__outer style-426 style-local-649-c6\">\n                    <!---->\n                    <!---->\n                    <h2 class=\"\">Bettina<\/h2>\n                  <\/div>\n                <\/div>\n                <div data-colibri-id=\"649-c7\" class=\"h-text h-text-component style-427 style-local-649-c7 position-relative h-element\">\n                  <!---->\n                  <!---->\n                  <div class=\"\">\n                    <p><span style=\"font-weight: 400; font-size: 15px; color: rgb(36, 36, 36);\">Bettina \u2013 blond, sinnlich &amp; unwiderstehlich <img decoding=\"async\" draggable=\"false\" role=\"img\" class=\"emoji\" alt=\"\ud83d\udd25\" src=\"https:\/\/s.w.org\/images\/core\/emoji\/17.0.2\/svg\/1f525.svg\"><\/span><\/p>\n                    <p>Strohblondes Haar, eine schlanke Silhouette mit femininen Kurven und ein L\u00e4cheln, das mehr verspricht\u2026 ich bin Bettina.<\/p>\n                    <p>\n                      <br>\n                    <\/p>\n                  <\/div>\n                <\/div>\n                <div data-colibri-id=\"649-c8\" class=\"h-x-container style-428 style-local-649-c8 position-relative h-element\">\n                  <!---->\n                  <div class=\"h-x-container-inner style-dynamic-649-c8-group style-428-spacing style-local-649-c8-spacing\"><span class=\"h-link__outer style-429-outer style-local-649-c9-outer d-inline-flex h-element\"><a h-use-smooth-scroll=\"true\" href=\"https:\/\/wa.me\/41797798767\"  data-colibri-id=\"649-c9\" class=\"d-flex w-100 align-items-center h-link style-429 style-local-649-c9 position-relative\"><!----><span  class=\"h-svg-icon h-link__icon style-429-icon style-local-649-c9-icon\"><!--Icon by Ionicons (https:\/\/ionicons.com)--><svg version=\"1.1\" xmlns=\"http:\/\/www.w3.org\/2000\/svg\" xmlns:xlink=\"http:\/\/www.w3.org\/1999\/xlink\" id=\"social-whatsapp\" viewBox=\"0 0 448 512\"><path d=\"M228 32c121 0 220 97 220 218s-99 218-220 218c-39 0-74-10-106-27L0 480l40-117C20 330 8 291 8 250 8 129 107 32 228 32zm109 301c5-13 6-24 5-26s-5-4-11-7-32-18-37-20-9-2-13 3-16 17-19 21-6 4-12 1-23-10-44-30c-16-15-27-33-30-39s0-9 3-12c3-2 6-6 9-9s4-5 6-9 1-7 0-10-12-31-16-42-10-11-13-11h-10s-10 2-15 7-21 19-22 46 18 54 21 58 37 64 93 88 57 17 67 16 33-12 38-25z\"><\/path><\/svg><\/span>                    <span>Chatte mit mir um einen Termin zu vereinbaren<\/span><\/a>\n                    <\/span>\n                  <\/div>\n                <\/div>\n                <div data-colibri-id=\"649-c10\" class=\"h-row-container gutters-row-lg-2 gutters-row-md-2 gutters-row-0 gutters-row-v-lg-2 gutters-row-v-md-2 gutters-row-v-0 style-430 style-local-649-c10 position-relative\">\n                  <!---->\n                  <div class=\"h-row justify-content-lg-center justify-content-md-center justify-content-center align-items-lg-stretch align-items-md-stretch align-items-stretch gutters-col-lg-2 gutters-col-md-2 gutters-col-0 gutters-col-v-lg-2 gutters-col-v-md-2 gutters-col-v-0\">\n                    <!---->\n                    <div class=\"h-column h-column-container d-flex h-col-lg-6 h-col-md-6 h-col-6 style-431-outer style-local-649-c11-outer\">\n                      <div data-colibri-id=\"649-c11\" class=\"d-flex h-flex-basis h-column__inner h-px-lg-0 h-px-md-0 h-px-0 v-inner-lg-0 v-inner-md-0 v-inner-0 style-431 style-local-649-c11 position-relative\">\n                        <!---->\n                        <!---->\n                        <div class=\"w-100 h-y-container h-column__content h-column__v-align flex-basis-100 align-self-lg-start align-self-md-start align-self-start\">\n                          <!---->\n                          <div data-colibri-id=\"649-c12\" class=\"h-global-transition-all h-heading style-432 style-local-649-c12 position-relative h-element\">\n                            <!---->\n                            <div class=\"h-heading__outer style-432 style-local-649-c12\">\n                              <!---->\n                              <!---->\n                              <h5 class=\"\">Angebot<\/h5>\n                            <\/div>\n                          <\/div>\n                          <div data-colibri-id=\"649-c13\" class=\"h-text h-text-component style-433 style-local-649-c13 position-relative h-element\">\n                            <!---->\n                            <!---->\n                            <div class=\"\">\n                              <p>In meinem privaten Zimmer, ruhig gelegen in einem diskreten Haus, erwartet dich eine entspannte Atmosph\u00e4re voller N\u00e4he, W\u00e4rme und prickelnder Momente.<\/p>\n                              <p>Ich liebe es, zu verf\u00fchren, zu spielen und dir eine Auszeit zu schenken, die du so schnell nicht vergisst.<\/p>\n                              <p>Trau dich\u2026 ich warte schon auf dich.\n                                <img decoding=\"async\" draggable=\"false\" role=\"img\" class=\"emoji\" alt=\"\ud83d\ude09\" src=\"https:\/\/s.w.org\/images\/core\/emoji\/17.0.2\/svg\/1f609.svg\">\n                              <\/p>\n                              <p>\n                                <br>\n                              <\/p>\n                            <\/div>\n                          <\/div>\n                        <\/div>\n                      <\/div>\n                    <\/div>\n                    <div class=\"h-column h-column-container d-flex h-col-lg-6 h-col-md-6 h-col-6 style-431-outer style-local-649-c14-outer\">\n                      <div data-colibri-id=\"649-c14\" class=\"d-flex h-flex-basis h-column__inner h-px-lg-0 h-px-md-0 h-px-0 v-inner-lg-0 v-inner-md-0 v-inner-0 style-431 style-local-649-c14 position-relative\">\n                        <!---->\n                        <!---->\n                        <div class=\"w-100 h-y-container h-column__content h-column__v-align flex-basis-100 align-self-lg-start align-self-md-start align-self-start\">\n                          <!---->\n                          <div data-colibri-id=\"649-c15\" class=\"h-global-transition-all h-heading style-432 style-local-649-c15 position-relative h-element\">\n                            <!---->\n                            <div class=\"h-heading__outer style-432 style-local-649-c15\">\n                              <!---->\n                              <!---->\n                              <h5 class=\"\">Services<\/h5>\n                            <\/div>\n                          <\/div>\n                          <div data-colibri-id=\"649-c16\" class=\"h-text h-text-component style-433 style-local-649-c16 position-relative h-element\">\n                            <!---->\n                            <!---->\n                            <div class=\"\">\n                              <p>\n                                <img decoding=\"async\" draggable=\"false\" role=\"img\" class=\"emoji\" alt=\"\u2764\ufe0f\" src=\"https:\/\/s.w.org\/images\/core\/emoji\/17.0.2\/svg\/2764.svg\">69 Stellung<\/p>\n                              <p>\n                                <img decoding=\"async\" draggable=\"false\" role=\"img\" class=\"emoji\" alt=\"\u2764\ufe0f\" src=\"https:\/\/s.w.org\/images\/core\/emoji\/17.0.2\/svg\/2764.svg\">Deep Throat<\/p>\n                              <p>\n                                <img decoding=\"async\" draggable=\"false\" role=\"img\" class=\"emoji\" alt=\"\u2764\ufe0f\" src=\"https:\/\/s.w.org\/images\/core\/emoji\/17.0.2\/svg\/2764.svg\">Eier lecken<\/p>\n                              <p>\n                                <img decoding=\"async\" draggable=\"false\" role=\"img\" class=\"emoji\" alt=\"\u2764\ufe0f\" src=\"https:\/\/s.w.org\/images\/core\/emoji\/17.0.2\/svg\/2764.svg\">Escort<\/p>\n                              <p>\n                                <img decoding=\"async\" draggable=\"false\" role=\"img\" class=\"emoji\" alt=\"\u2764\ufe0f\" src=\"https:\/\/s.w.org\/images\/core\/emoji\/17.0.2\/svg\/2764.svg\">Franz\u00f6sisch mit\/ohne<\/p>\n                              <p>\n                                <img decoding=\"async\" draggable=\"false\" role=\"img\" class=\"emoji\" alt=\"\u2764\ufe0f\" src=\"https:\/\/s.w.org\/images\/core\/emoji\/17.0.2\/svg\/2764.svg\">Fussfetisch<\/p>\n                              <p>\n                                <img decoding=\"async\" draggable=\"false\" role=\"img\" class=\"emoji\" alt=\"\u2764\ufe0f\" src=\"https:\/\/s.w.org\/images\/core\/emoji\/17.0.2\/svg\/2764.svg\">Girlfriend Sex<\/p>\n                              <p>\n                                <img decoding=\"async\" draggable=\"false\" role=\"img\" class=\"emoji\" alt=\"\u2764\ufe0f\" src=\"https:\/\/s.w.org\/images\/core\/emoji\/17.0.2\/svg\/2764.svg\">Handjob<\/p>\n                              <p>\n                                <img decoding=\"async\" draggable=\"false\" role=\"img\" class=\"emoji\" alt=\"\u2764\ufe0f\" src=\"https:\/\/s.w.org\/images\/core\/emoji\/17.0.2\/svg\/2764.svg\">Masturbieren<\/p>\n                              <p>\n                                <img decoding=\"async\" draggable=\"false\" role=\"img\" class=\"emoji\" alt=\"\u2764\ufe0f\" src=\"https:\/\/s.w.org\/images\/core\/emoji\/17.0.2\/svg\/2764.svg\">NS Spiele (Aktiv)<\/p>\n                              <p>\n                                <img decoding=\"async\" draggable=\"false\" role=\"img\" class=\"emoji\" alt=\"\u2764\ufe0f\" src=\"https:\/\/s.w.org\/images\/core\/emoji\/17.0.2\/svg\/2764.svg\">Sex in allen Positionen<\/p>\n                              <p>\n                                <img decoding=\"async\" draggable=\"false\" role=\"img\" class=\"emoji\" alt=\"\u2764\ufe0f\" src=\"https:\/\/s.w.org\/images\/core\/emoji\/17.0.2\/svg\/2764.svg\">Striptease\/Lapdance<\/p>\n                              <p>\n                                <img decoding=\"async\" draggable=\"false\" role=\"img\" class=\"emoji\" alt=\"\u2764\ufe0f\" src=\"https:\/\/s.w.org\/images\/core\/emoji\/17.0.2\/svg\/2764.svg\">Zungenanal (Passiv)<\/p>\n                              <p>\n                                <img decoding=\"async\" draggable=\"false\" role=\"img\" class=\"emoji\" alt=\"\u2764\ufe0f\" src=\"https:\/\/s.w.org\/images\/core\/emoji\/17.0.2\/svg\/2764.svg\">K\u00fcssen<\/p>\n                            <\/div>\n                          <\/div>\n                        <\/div>\n                      <\/div>\n                    <\/div>\n                    <div class=\"h-column h-column-container d-flex h-col-lg-6 h-col-md-6 h-col-6 style-431-outer style-local-649-c17-outer\">\n                      <div data-colibri-id=\"649-c17\" class=\"d-flex h-flex-basis h-column__inner h-ui-empty-state-container h-px-lg-0 h-px-md-0 h-px-0 v-inner-lg-0 v-inner-md-0 v-inner-0 style-431 style-local-649-c17 position-relative\">\n                        <!---->\n                        <!---->\n                        <div class=\"w-100 h-y-container h-column__content h-column__v-align flex-basis-100\">\n                          <!---->\n                        <\/div>\n                      <\/div>\n                    <\/div>\n                    <div class=\"h-column h-column-container d-flex h-col-lg-6 h-col-md-6 h-col-6 style-431-outer style-local-649-c18-outer\">\n                      <div data-colibri-id=\"649-c18\" class=\"d-flex h-flex-basis h-column__inner h-ui-empty-state-container h-px-lg-0 h-px-md-0 h-px-0 v-inner-lg-0 v-inner-md-0 v-inner-0 style-431 style-local-649-c18 position-relative\">\n                        <!---->\n                        <!---->\n                        <div class=\"w-100 h-y-container h-column__content h-column__v-align flex-basis-100\">\n                          <!---->\n                        <\/div>\n                      <\/div>\n                    <\/div>\n                  <\/div>\n                <\/div>\n              <\/div>\n            <\/div>\n          <\/div>\n          <div class=\"h-column h-column-container d-flex h-col-lg-6 h-col-md-6 h-col-12 style-434-outer style-local-649-c20-outer\">\n            <div data-colibri-id=\"649-c20\" class=\"d-flex h-flex-basis h-column__inner h-ui-empty-state-container h-px-lg-0 h-px-md-0 h-px-0 v-inner-lg-0 v-inner-md-0 v-inner-0 style-434 style-local-649-c20 position-relative\">\n              <div class=\"background-wrapper\">\n                <div class=\"background-layer background-layer-media-container-lg\">\n                  <div data-slide-duration=\"5000\" data-slide-speed=\"1000\" data-colibri-component=\"slideshow\" class=\"background-layer colibri-slideshow\" model-id=\"649-c20\" media=\"desktop\">\n                    <div class=\"slideshow-image\" style=\"background-image: url(&quot;https:\/\/bgstudios.ch\/wp-content\/uploads\/2026\/04\/cropped-IMG-20260407-WA0045.jpg&quot;);\"><\/div>\n                    <div class=\"slideshow-image\" style=\"background-image: url(&quot;https:\/\/bgstudios.ch\/wp-content\/uploads\/2026\/04\/cropped-IMG-20260407-WA0046.jpg&quot;);\"><\/div>\n                    <div class=\"slideshow-image\" style=\"background-image: url(&quot;https:\/\/bgstudios.ch\/wp-content\/uploads\/2026\/04\/cropped-IMG-20260407-WA0037.jpg&quot;); z-index: 3; visibility: visible; opacity: 0; transition: opacity 1000ms calc(4s);\"><\/div>\n                    <div class=\"slideshow-image\" style=\"background-image: url(&quot;https:\/\/bgstudios.ch\/wp-content\/uploads\/2026\/04\/cropped-IMG-20260407-WA0025.jpg&quot;); z-index: 2;\"><\/div>\n                    <div class=\"slideshow-image\" style=\"background-image: url(&quot;https:\/\/bgstudios.ch\/wp-content\/uploads\/2026\/04\/cropped-IMG-20260407-WA0039.jpg&quot;);\"><\/div>\n                  <\/div>\n                <\/div>\n                <div class=\"background-layer background-layer-media-container-md\">\n                  <div data-slide-duration=\"5000\" data-slide-speed=\"1000\" data-colibri-component=\"slideshow\" class=\"background-layer colibri-slideshow\" model-id=\"649-c20\" media=\"tablet\">\n                    <div class=\"slideshow-image\" style=\"background-image: url(&quot;https:\/\/bgstudios.ch\/wp-content\/uploads\/2026\/04\/cropped-IMG-20260407-WA0045.jpg&quot;);\"><\/div>\n                    <div class=\"slideshow-image\" style=\"background-image: url(&quot;https:\/\/bgstudios.ch\/wp-content\/uploads\/2026\/04\/cropped-IMG-20260407-WA0046.jpg&quot;);\"><\/div>\n                    <div class=\"slideshow-image\" style=\"background-image: url(&quot;https:\/\/bgstudios.ch\/wp-content\/uploads\/2026\/04\/cropped-IMG-20260407-WA0037.jpg&quot;); z-index: 3; visibility: visible; opacity: 0; transition: opacity 1000ms calc(4s);\"><\/div>\n                    <div class=\"slideshow-image\" style=\"background-image: url(&quot;https:\/\/bgstudios.ch\/wp-content\/uploads\/2026\/04\/cropped-IMG-20260407-WA0025.jpg&quot;); z-index: 2;\"><\/div>\n                    <div class=\"slideshow-image\" style=\"background-image: url(&quot;https:\/\/bgstudios.ch\/wp-content\/uploads\/2026\/04\/cropped-IMG-20260407-WA0039.jpg&quot;);\"><\/div>\n                  <\/div>\n                <\/div>\n                <div class=\"background-layer background-layer-media-container\">\n                  <div data-slide-duration=\"5000\" data-slide-speed=\"1000\" data-colibri-component=\"slideshow\" class=\"background-layer colibri-slideshow\" model-id=\"649-c20\" media=\"mobile\">\n                    <div class=\"slideshow-image\" style=\"background-image: url(&quot;https:\/\/bgstudios.ch\/wp-content\/uploads\/2026\/04\/cropped-IMG-20260407-WA0045.jpg&quot;);\"><\/div>\n                    <div class=\"slideshow-image\" style=\"background-image: url(&quot;https:\/\/bgstudios.ch\/wp-content\/uploads\/2026\/04\/cropped-IMG-20260407-WA0046.jpg&quot;);\"><\/div>\n                    <div class=\"slideshow-image\" style=\"background-image: url(&quot;https:\/\/bgstudios.ch\/wp-content\/uploads\/2026\/04\/cropped-IMG-20260407-WA0037.jpg&quot;); z-index: 3; visibility: visible; opacity: 0; transition: opacity 1000ms calc(4s);\"><\/div>\n                    <div class=\"slideshow-image\" style=\"background-image: url(&quot;https:\/\/bgstudios.ch\/wp-content\/uploads\/2026\/04\/cropped-IMG-20260407-WA0025.jpg&quot;); z-index: 2;\"><\/div>\n                    <div class=\"slideshow-image\" style=\"background-image: url(&quot;https:\/\/bgstudios.ch\/wp-content\/uploads\/2026\/04\/cropped-IMG-20260407-WA0039.jpg&quot;);\"><\/div>\n                  <\/div>\n                <\/div>\n              <\/div>\n              <!---->\n              <div class=\"w-100 h-y-container h-column__content h-column__v-align flex-basis-100\">\n                <!---->\n              <\/div>\n            <\/div>\n          <\/div>\n          <div class=\"h-column h-column-container d-flex h-col-lg-6 h-col-md-6 h-col-12 style-496-outer style-local-649-c37-outer\">\n            <div data-colibri-id=\"649-c37\" class=\"d-flex h-flex-basis h-column__inner h-ui-empty-state-container h-px-lg-2 h-px-md-2 h-px-2 v-inner-lg-2 v-inner-md-2 v-inner-2 style-496 style-local-649-c37 position-relative\">\n              <!---->\n              <!---->\n              <div class=\"w-100 h-y-container h-column__content h-column__v-align flex-basis-100\">\n                <!---->\n              <\/div>\n            <\/div>\n          <\/div>\n        <\/div>\n      <\/div>\n    <\/div>\n  <\/div>\n<\/div>","protected":false},"excerpt":{"rendered":"<p>Anwesend in Erlinsbach Bettina Bettina \u2013 blond, sinnlich &amp; unwiderstehlich Strohblondes Haar, eine [&hellip;]<\/p>\n","protected":false},"author":1,"featured_media":0,"parent":0,"menu_order":0,"comment_status":"closed","ping_status":"closed","template":"page-templates\/full-width-page.php","meta":{"footnotes":""},"class_list":["post-649","page","type-page","status-publish","hentry"],"_links":{"self":[{"href":"https:\/\/bgstudios.ch\/index.php?rest_route=\/wp\/v2\/pages\/649","targetHints":{"allow":["GET"]}}],"collection":[{"href":"https:\/\/bgstudios.ch\/index.php?rest_route=\/wp\/v2\/pages"}],"about":[{"href":"https:\/\/bgstudios.ch\/index.php?rest_route=\/wp\/v2\/types\/page"}],"author":[{"embeddable":true,"href":"https:\/\/bgstudios.ch\/index.php?rest_route=\/wp\/v2\/users\/1"}],"replies":[{"embeddable":true,"href":"https:\/\/bgstudios.ch\/index.php?rest_route=%2Fwp%2Fv2%2Fcomments&post=649"}],"version-history":[{"count":7,"href":"https:\/\/bgstudios.ch\/index.php?rest_route=\/wp\/v2\/pages\/649\/revisions"}],"predecessor-version":[{"id":816,"href":"https:\/\/bgstudios.ch\/index.php?rest_route=\/wp\/v2\/pages\/649\/revisions\/816"}],"wp:attachment":[{"href":"https:\/\/bgstudios.ch\/index.php?rest_route=%2Fwp%2Fv2%2Fmedia&parent=649"}],"curies":[{"name":"wp","href":"https:\/\/api.w.org\/{rel}","templated":true}]}}